1. What is p(-4)?
-54
Suppose -s + 545 = 548. Let g(h) = -7*h**2 - 4*h - 9. Let c(o) = -15*o**2 - 8*o - 19. Let q(p) = 6*c(p) - 13*g(p). What is q(s)?
0
Suppose -5*d - o - 18 + 1 = 0, -5*o - 10 = 0. Let i(q) = 3*q**3 - 20*q - 2*q**3 + 21*q + 4*q**2. Give i(d).
6
Let d(m) = -m - 5. Suppose -52 = -7*s - 87. Give d(s).
0
Let d(i) = i**3 - 4*i**2 - 11*i - 6. Let o(x) = x**3 - 8*x**2 + 8*x - 1. Let a be o(7). Give d(a).
0
Let r(l) = -l**3 - l + 2. Let k(t) = 4*t**3 - 7*t**2 + 2*t - 5. Let d(b) = k(b) + 3*r(b). What is d(7)?
-6
Let o(r) = r**2 - r + 1. Let k(h) = h**3 - 8*h**2 + 6*h - 1. Let u be ((-27)/15)/(1/(-5)). Suppose 0 = 4*y + 7 + u. Let b(l) = y*o(l) - k(l). Calculate b(3).
0
Let y(r) = r + 2 - 7 + 4. Suppose 6*h = -21*h - 216. What is y(h)?
-9
Let a(g) = -2*g**3 + 4*g**2 - g + 4. Let t = 254 - 251. What is a(t)?
-17
Suppose 5*x + 8 = -17. Let w(o) = -o**2 + 2*o + 4. Let b be w(0). Let r(z) = 2*z**2 + 2 - 1 - z**2 + b + 8*z. Calculate r(x).
-10
Let a(k) be the first derivative of 9*k**2/2 - 4*k - 822. What is a(-3)?
-31
Let j(n) be the third derivative of n**4/24 + n**3/6 + 30*n**2. Let t(k) = 3*k + 2. Let m(l) = j(l) - t(l). What is m(1)?
-3
Let b be 1*24/30*5. Let p(n) be the second derivative of n - 1/6*n**3 + n**2 + 1/12*n**b + 0. What is p(3)?
8
Let y(r) be the third derivative of 7*r**4/24 - r**3 + 45*r**2. Give y(4).
22
Let a(n) = -342*n**3 - 6*n**2 + 341*n**3 - 2 + 7*n - n**2. Calculate a(-8).
6
Suppose 2*x = p - 8 + 2, -2*x + 2*p - 10 = 0. Let q(a) = -7*a + 2. Calculate q(x).
9
Let m(q) = q**2. Suppose 9 = -o + 10. Give m(o).
1
Let m be 4*((-30)/36 - -1). Let p(o) be the second derivative of -1/2*o**4 + 0 + m*o**3 - 2*o**2 + 1/20*o**5 + 5*o. What is p(5)?
-9
Let j(n) = n - 4. Let l be j(6). Let c(p) = -5 + 3 + 12*p**l + 2 + 1. Let o = -277 + 276. Determine c(o).
13
Let w(h) be the third derivative of 0 + 1/60*h**5 + 0*h + 6*h**2 - 11/6*h**3 + 1/4*h**4. Let i(p) be the first derivative of w(p). Give i(-5).
-4
Suppose 7 = 10*v - 3*v. Let x(c) = -12*c + 15*c - 8*c. Give x(v).
-5
Let w(k) = -515*k**2 + 0 - 5*k + 507*k**2 - 1 - 3*k + k**3 + k. Calculate w(9).
17
Let t(m) = -21*m - 4. Let d(y) = 5*y + 1. Let h(v) = 9*d(v) + 2*t(v). Let k be (-6)/(-18)*(-9 + 0). Let u be -2 + k*1/3. Give h(u).
-8
Let y(m) = -42*m - 35. Let c(q) = -23*q - 18. Let r(b) = -11*c(b) + 6*y(b). Give r(0).
-12
Let t(g) be the second derivative of 3*g**5/20 - g**4/12 - g**3/6 + g**2/2 + 484*g. Calculate t(1).
2
Let v = -15 - -10. Let r(i) be the first derivative of -i**2 - 7*i + 4. Let m(z) = 4*z + 13. Let b(f) = 6*m(f) + 11*r(f). Give b(v).
-9
Let b(k) = -4*k + 6. Let h(t) = 6*t - 9. Let m(x) = 7*b(x) + 5*h(x). Suppose 0 = s - 2*s - 6. Let i be (1 + -2)*(2 + s). What is m(i)?
5
Let t(w) = -w**2 + 4*w - 6. Let h = 210 + -205. Calculate t(h).
-11
Let n = -56 - -18. Let w = n - -32. Let b(s) = 2*s + 8. Give b(w).
-4
Let w = -2 - 1. Let z(f) = 8*f**3 + 2*f**2 - 2*f - 3. Let u(o) = 9*o**3 + 2*o**2 - 2*o - 4. Let g(y) = -7*u(y) + 8*z(y). Calculate g(w).
1
Let g(n) be the second derivative of -2*n**3/3 - 3*n**2 - n - 32. Determine g(-13).
46
Let k be ((-4)/18)/(11/(-99)) + 0. Suppose -3*j - 12 = -33. Let b(s) = 6*s**k + s**3 - 2 + j*s**2 + s - 9*s**2. Give b(-4).
-6
Let h be 5/(-7 - -2)*(-9 + -2). Let m(y) = y + 4. Give m(h).
15
Suppose -41*g + 248 = -10*g. Let u(w) = -w**3 + 8*w**2 - 3*w + 8. Calculate u(g).
-16
Let d = -585 - -589. Let m(s) = -2*s**2 + 5*s + 2. What is m(d)?
-10
Let v(c) = -6*c + 4. Suppose -b - 9 = 2*g, -6 + 0 = 3*g. Let p(d) = -1. Let i(y) = b*p(y) - v(y). Give i(2).
13
Let z(b) be the second derivative of 0*b**4 - 3*b - 1/6*b**3 + 1/5*b**5 + 0 - 1/2*b**2. Let p = 1 + -2. Determine z(p).
-4
Let q(j) = j**2 - 11*j + 12. Let h be q(7). Let r = h + 24. Let b(f) = 2*f - 12. Determine b(r).
4
Suppose 3*a = -d + 14, -3*d - a + 26 = -0*d. Suppose -d*u = 2*u. Let z(m) = m - 2. Calculate z(u).
-2
Suppose 0 = -10*m + 7*m - 3. Let b be -1 - (-8 - 0 - m). Let p(l) = 4 - 4 + 0 + l - 1. Calculate p(b).
5
Let z = 140 + -147. Let o(b) = -23*b - 5 + 11*b + 9*b. What is o(z)?
16
Let k(l) = -l + 12. Let f be k(9). Let p(d) = -6*d**2 - 10*d - 3. Let m(g) = -14*g**2 - 25*g - 7. Let r(z) = 2*m(z) - 5*p(z). Determine r(f).
19
Let j(y) = y**2 - 8*y + 8. Suppose 2*m + 5*o - 37 = 0, 0 = -5*m - 5*o + 65 - 10. Suppose b - 4*t - 6 = -0*t, b - 3*t = m. Give j(b).
-4
Let k(n) = 13*n + 8. Let q(o) = -16*o - 9. Let i(d) = 5*k(d) + 4*q(d). What is i(-4)?
0
Let g(i) = -6*i + 9. Let s(r) = 1 - 6 + 5*r - 3. Let j(d) = -4*d + 83. Let z be j(22). Let f(n) = z*s(n) - 4*g(n). Determine f(-3).
7
Let m(p) = 3*p**2 + 6*p. Let g(r) = r**2 + 1. Let l(h) = -4*g(h) + m(h). Let a = 23 - 20. Give l(a).
5
Let r(s) = -s**2 + 7*s - 3. Let w be 2/(3 + (-11)/4). Let t = 7 - w. Let n be (6/(-3) - 2)/t. Give r(n).
9
Let q(b) = -b**3 + 2*b**2 - b + 4. Let h be q(3). Let v(c) = c**3 + 7*c**2 - 7*c + 2. Let n be v(h). Let s(i) = -i**3 - 5*i**2 + 6*i - 3. What is s(n)?
-3
Let f(x) = x**3 + x - 3. Let t(i) = -3*i**3 - 13*i**2 - 5*i + 26. Let j(u) = 4*f(u) + t(u). Give j(13).
1
Let q(b) = -b - 99 - 2*b + 196 - 102. Determine q(-11).
28
Let g(o) = 16*o + 112. Let z(c) = -3*c - 22. Let t(n) = -3*g(n) - 14*z(n). Calculate t(-5).
2
Suppose g - 31 + 2 = 0. Let x be g/(-5) - (-4)/5. Let l(w) = w**2 + 5*w + 4. Give l(x).
4
Let h be (-4)/(-14) + 2/(-7). Let x(z) be the first derivative of 7 + 8*z + 1/2*z**2. Give x(h).
8
Let y = -1 + 4. Suppose -5*i = -s - 18, 2*s + 3*i - 14 = s. Let a(h) = s*h**2 + 2*h - 2 + 2*h + y - h**2. Determine a(-4).
1
Let z = -20 + 38. Let j(s) = -4*s + z - 13 - s**2 - 4. Calculate j(-5).
-4
Suppose 0 = 3*x - x + 4. Let w(j) be the second derivative of 2/3*j**3 + 1/4*j**4 + 6*j + 0 + 1/20*j**5 + 3/2*j**2. Give w(x).
-1
Suppose 71 = 5*a + 51. Let o(y) be the second derivative of 5*y - 1/2*y**2 - 1/20*y**5 + 0 - 1/2*y**3 - 1/3*y**a. What is o(-4)?
11
Suppose 3*k = 5*n + 142, n + 269 - 91 = 4*k. Let t = 47 - k. Let r(z) = -z + 1. Let a(j) = -3*j + 3. Let o(i) = -a(i) + 5*r(i). Determine o(t).
-4
Let y(f) = -2*f**2 - 6*f. Let j(l) = -30*l + 88. Let u be j(3). Calculate y(u).
4
Let y(z) = -z**2 - 4*z - 4. Let k be (1/2)/((-1)/8). Let f = k + 12. Suppose 2*c + f = 2. What is y(c)?
-1
Let u(w) be the first derivative of 47*w**3/3 + w**2/2 - 73. Give u(-1).
46
Let c(b) = 18*b**2 + 37*b + 3. Let w be c(-2). Let u(p) = 8*p**3 - 2*p + 1. What is u(w)?
7
Let j(i) = -i**3 + 6*i**2 - 7*i - 1. Let g be 1*0/1 - -1. Let f(t) = t**3 - 26*t**2 + 26*t - 21. Let a be f(25). Let h = a + g. What is j(h)?
-11
Let c(d) = -d - 10. Let u(t) = -2*t + 67. Let k be u(31). Give c(k).
-15
Let s(m) = 3*m - 11. Suppose 5*a + 2*k - 56 = 6*k, 3*k = -12. Calculate s(a).
13
Let a(z) = -25*z - 6*z - 6 + 34*z. What is a(0)?
-6
Let d(f) = -f**3 - 7*f**2 - 5*f + 8. Let l be ((-3)/2)/((-9)/6). Suppose -3*a + z = -l + 19, 2*z = -3*a - 18. Calculate d(a).
2
Let r(s) = -2*s - 7. Let d(m) = -2*m - 3. Let c(g) = 7*d(g) - 4*r(g). Calculate c(8).
-41
Let q(r) = -r - 2. Let f = -190 + 189. Determine q(f).
-1
Let d(v) = v - 11. Let a(p) = 1. Let j(l) = -2*a(l) - d(l). Let u be j(6). Suppose -24 = u*o + o. Let n(k) = k + 8. Calculate n(o).
2
Let t(m) = -9*m + 9. Suppose -77*z = -83*z + 24. Determine t(z).
-27
Let c(b) be the first derivative of b**3/3 - 3*b**2/2 + 668. Give c(3).
0
Let c(t) be the third derivative of -t**5/20 - t**4/12 + t**3/2 + 163*t**2. Calculate c(1).
-2
Let v(m) = -4*m + 32. Let c be v(8). Let o(x) = -x**2 - x - 18. Determine o(c).
-18
Let v(g) = 3*g + 416 + 403 - 1200 + 404. Give v(-7).
2
Let b(w) = -w - 1. Let l(o) = 14*o - 4. Let p(m) = 5*b(m) - l(m). Let k = -188 - -187. Give p(k).
18
Let j(b) = 2*b + 8. Let u(p) = p**2 - 4*p - 54. Let k be u(-6). Suppose 0 = 21*q - k*q + 90. Calculate j(q).
-4
Let i = 113 - 115. Let c be 3/(-5)*(i + 7). Let d(r) = r - 4. What is d(c)?
-7
Suppose 0 = -2*z + 20 - 12. Let v(f) = -f**3 + 3*f**2 + 5*f - 3. What is v(z)?
1
Let b(v) be the third derivative of -v**8/6720 + v**7/420 + v**5/120 + v**4/6 + v**2. Let q(a) be the second derivative of b(a). Determine q(6).
1
Suppose -4*f - 3*l = -5*f - 7, 0 = -3*l + 9. Suppose 0 = -3*s + 6 + 3, 2*z - 3*s = -5. Let n(h) = h + z*h - f - h + h. Determine n(5).
13
Let h(y) = -y**2 - 8*y + 126. Let l be h(8). Let s(r) = -16*r + 6. Let t(f) = 5*f - 2